 -4*d - 3*s, 2*d - i*s - 2*s - 10 = 0. Suppose -d*x - 41 = -305. What is the remainder when x is divided by 15?
13
Let s = -3031 - -3040. What is the remainder when 23 is divided by s?
5
Let n be (-6)/(-60)*5*4. Suppose -3*l - 115 = -n*y, 0 = 4*y - 2*l - 78 - 172. Calculate the remainder when y is divided by 20.
5
Let m = -1143 + 338. What is the remainder when m/(-69)*(-12)/(-5) is divided by ((-12)/(-10))/((-4)/(-20))?
4
Suppose 21*q - 22*q = -6, -t + 2898 = -3*q. What is the remainder when t is divided by 21?
18
Suppose 2*o + d - 559 = 6*d, 0 = -5*o + d + 1432. Let q = 319 - o. What is the remainder when 60 is divided by q?
28
Let c be (-3 + 5 + -5)/(4/(-36)). Suppose 17*n = 20*n - c. Suppose -3*p + 3*g = -51, 5*g - 27 = -3*p - 0*p. What is the remainder when p is divided by n?
5
Let d(k) = 7 - 12*k + 2*k**2 + 9 + 14*k. Let u be d(6). Let i = u - 80. Calculate the remainder when 37 is divided by i.
17
Let s = -322 - -331. Let n(z) = -3*z**2 + 29*z + 13. Let c(t) = 15*t**2 - 2*t - 1. What is the remainder when n(s) is divided by c(-1)?
15
Suppose 0 = -3*u - 3*i + 1134, -3*i + 104 + 1788 = 5*u. What is the remainder when 1147 is divided by u?
10
Let q be -1*(-3 + -10 + -3). Let d = q + 6. Let r = 994 - 932. Calculate the remainder when r is divided by d.
18
Let w(k) = 2*k**2 - 781*k + 3108. Suppose 4*c = -5*q + 104, 26 = c + 2*q + 3. What is the remainder when c is divided by w(4)?
15
Let q = 104 + -6. Let v = q - 70. Calculate the remainder when 223 is divided by v.
27
Let u(i) = -3762*i - 10390. Suppose -56 + 17 = -z. Calculate the remainder when u(-3) is divided by z.
38
Let m = 867 - -12696. Calculate the remainder when m is divided by 119.
116
Let z(q) = 4*q**2 + q + 4. Let x be z(0). Suppose -x*g - 36 = -88. Calculate the remainder when 42 is divided by g.
3
Suppose 15*k - 536 = 1999. Suppose 10*r - k + 59 = 0. Calculate the remainder when 75 is divided by r.
9
Let p(z) = -2*z**3 - 16*z**2 - 14*z - 21. Let c be p(-8). Suppose 92*x - c*x = 19. What is the remainder when 82 is divided by x?
6
Suppose 349*t - 352*t - 237 = -4*c, 2*t - 233 = -3*c. Let y = 151 - 2. Calculate the remainder when y is divided by c.
11
Suppose 5*b = m + 2 + 7, 2*m - 12 = 0. Suppose 6 = l + l. Suppose l*w - v - 226 = 0, 5*v = b*w + 2*w - 370. Calculate the remainder when w is divided by 17.
8
Let l(w) = w**2 + 7*w + 10. Suppose 2*h + 0*t = -5*t - 11, 0 = 3*h - t + 8. Let n be l(h). Calculate the remainder when -1 + 50/10*(n - -18) is divided by 23.
10
Suppose 3*z - 30 = 2*r, 4*z - 75 + 12 = -5*r. Suppose z*m + 7 - 4363 = 0. Calculate the remainder when m is divided by 93.
84
Suppose -56 = -35*h + 21*h. Suppose -4 - 14 = -3*m. Calculate the remainder when m is divided by h.
2
Let k be -4 - 1/2*-62. Let r = k - 21. Calculate the remainder when 61 is divided by 19 - -2*(-9)/r.
13
Suppose 2*i + 41 = -5*h, 9*h = 4*i + 5*h + 40. Let a(l) = l**2 + 10*l - 17. Calculate the remainder when 75 is divided by a(i).
9
What is the remainder when 2755 is divided by 251/((3 + -4)*-1)?
245
Let f = -1371 - -1675. Calculate the remainder when f is divided by 100.
4
Suppose -3*j + 6417 = p + 1996, p = 5*j + 4469. What is the remainder when p is divided by 139?
130
Let i = 11 + -8. Suppose -2*z + 111 = i*w, -3*w + 111 = -3*z - 2*z. Calculate the remainder when w is divided by 0/(-10) + (-1)/(-1) + 14.
7
Suppose -4*d - 5*h = 1356, d = -3*d + 5*h - 1396. What is the remainder when (d/5)/((-34)/85) is divided by 16?
12
Let n = -160 + 228. Calculate the remainder when n is divided by (-5)/((-5)/(8 - -2)).
8
Let d(s) = 3*s - 7. Let k be d(13). Let i be k + (1 - 1) + 3. Suppose -13 = -4*u + i. What is the remainder when 35 is divided by u?
11
Let y(a) = 37*a - 2. Let f be y(9). Suppose -241 = 2*i + 211. Let h = f + i. What is the remainder when h is divided by 27?
24
Let h = -354 - -352. Calculate the remainder when h - (649 - 7)/(-3) is divided by 31.
26
Let v be (-10)/(-4)*18/45. Calculate the remainder when 94 is divided by (v - 1) + 4 + 168/14.
14
Let w(i) = -i**3 + i**2 - i + 22. Suppose -126 - 1250 = -16*l. What is the remainder when l is divided by w(0)?
20
Let r = -1390 + 1409. Calculate the remainder when 81 is divided by r.
5
Suppose 0 = 3*v - 5*k - 22, v = 2*v + 2*k. Suppose -162 = -v*q + 158. Suppose -r + 29 = -85*c + 81*c, 8 = -4*c. What is the remainder when q is divided by r?
17
Let u = 11706 + -11320. Calculate the remainder when u is divided by 238.
148
Let o = 2152 - 2110. Calculate the remainder when 104 is divided by o.
20
Suppose o = -v + 18, -106*v = -5*o - 107*v + 110. What is the remainder when 178 is divided by o?
17
Let l = 134 + -60. Suppose -2*y + 4*y = l. Suppose 5*v + 370 = 5*c, -219 = -8*c + 5*c + 2*v. What is the remainder when c is divided by y?
34
Suppose 4*z - u - 185 = 0, -2*z = -5*u - 0*u - 97. Suppose 45*r + 38 - 758 = 0. Calculate the remainder when z is divided by r.
14
Suppose 2*z + 5*y - 3 = 35, 5*y = 20. Suppose -h + 98 = -16*s + 13*s, h = -3*s + 98. What is the remainder when 1*-1 + (h - -8) + -9 is divided by z?
6
Calculate the remainder when 307 is divided by -173 + 178 + 24/(2*2/14).
40
Let u = 491 - 440. What is the remainder when 4588 is divided by u?
49
Let x = -37 + 40. Suppose -4*u = -2*h - x*h - 60, 36 = 4*u + h. Let o(j) = j + 1. What is the remainder when u is divided by o(5)?
4
Suppose -4*j - 15 = -g + 4, 0 = -4*g - j + 93. Calculate the remainder when g is divided by (-42)/(-189) - (-61)/9 - -6.
10
Suppose -2*f + 6 = 0, -4*n + 0*n = 2*f - 170. Let a be ((-6)/(-4))/(60/(-80)) + 0. Calculate the remainder when n is divided by (-1398)/(-66) + a/11.
20
Let r(q) = -26*q + 167. Suppose -s - 330 = -3*s. Suppose -s = -4*g - 37. Calculate the remainder when g is divided by r(6).
10
Let t(a) = -a**2 - 19*a + 3. Let b be t(-19). Suppose 0 = 2*n - 7*n + 3*c + 372, 5*n + b*c = 378. What is the remainder when n is divided by 39?
36
Let p = 4393 + -4289. What is the remainder when p is divided by 39?
26
Suppose -17*i = -3252 - 2851. Calculate the remainder when i is divided by 46.
37
Let i = -679 + 478. Let z = 463 + i. Calculate the remainder when z is divided by 11.
9
Let o(z) be the third derivative of z**5/60 + z**4/24 + 7*z**3/3 + 4*z**2. Suppose 89*j - 97*j + 520 = 0. What is the remainder when j is divided by o(0)?
9
Calculate the remainder when 774/43*9775/30 is divided by 18.
15
Suppose -h + 2 = -8. Let y = -13 + h. What is the remainder when (49*(-3)/((-9)/y))/(-1) is divided by 26?
23
Suppose 639 + 150 = 3*g - 5*b, -b = 2*g - 513. Suppose 183 - g = -5*w. Calculate the remainder when 52 is divided by w.
7
Suppose 11*a + 4*a + 4410 = 0. Let z = 316 + a. Let n = 191 + -127. Calculate the remainder when n is divided by z.
20
Let m = -783 + 1404. Suppose -11*g - m = -14*g. What is the remainder when g is divided by 14?
11
Suppose 0 = 4*s - 9 - 7. Suppose 0 = 2*m - 5*o + 231 - 325, -2*m + 3*o + 78 = 0. Calculate the remainder when m is divided by s.
3
Let w = 476 - 456. Suppose w = -z + 59. What is the remainder when 158 is divided by z?
2
Suppose -4*n = 5*g - 379, 72*g + 233 = 75*g + n. What is the remainder when 101 is divided by g?
22
Suppose -798 = -5*u - 113. Suppose -140*x + u*x + 486 = 0. Calculate the remainder when x is divided by 15.
12
Suppose -4*h + 24 = -40. Suppose h = 3*t - 104. Let w = -166 + 173. Calculate the remainder when t is divided by w.
5
Let j be 18/9 - 2*(-2)/4. Suppose j*q + 36 = 156. What is the remainder when q is divided by 16?
8
Let n(s) = s**2 - 15*s - 458. Calculate the remainder when 1820 is divided by n(31).
34
Let w = -12345 + 12461. What is the remainder when 4638 is divided by w?
114
Let b = -2602 - -2649. Calculate the remainder when 797 is divided by b.
45
Let a = 460 - 408. Suppose -2*j + 19 = -11. Let r = -1 + j. Calculate the remainder when a is divided by r.
10
Suppose -3*w = -5*s + 331 - 18, -3*s + 199 = w. What is the remainder when 647 is divided by s?
62
Let x(w) = -w**3 + w**2 - w + 94. Let n be x(0). Suppose n = c + c. Let y = -15614 + 15626. What is the remainder when c is divided by y?
11
Suppose 5*f - 11 = 44. Suppose -2*p + 59 = 2*s - 9, 0 = p - 4. What is the remainder when 480/s + (4/(-2) - -2) is divided by f?
5
Suppose -12*p = -3 + 15. Calculate the remainder when 187 is divided by 